{"id":12330,"date":"2023-01-17T19:45:45","date_gmt":"2023-01-17T17:45:45","guid":{"rendered":"https:\/\/noufil.com\/producto\/cubrecanape-volante-tableado\/"},"modified":"2023-02-13T18:33:52","modified_gmt":"2023-02-13T16:33:52","slug":"cubrecanape-volant-taulat","status":"publish","type":"producte","link":"https:\/\/noufil.com\/ca\/producto\/cubrecanape-volant-taulat\/","title":{"rendered":"&#8220;Cubrecanap\u00e9&#8221; volant taulat"},"content":{"rendered":"\n<p>Opci\u00f3 de confeccionar amb greca i folre a la part superior del canap\u00e8 o amb velcro perimetral al canap\u00e8. <\/p>\n\n\n\n<p>Imatge t\u00e8cnica, no decorativa.<\/p>\n","protected":false},"featured_media":11671,"template":"","tags":[],"catprod":[95],"class_list":["post-12330","producte","type-producte","status-publish","has-post-thumbnail","hentry","catprod-roba-de-llit"],"_links":{"self":[{"href":"https:\/\/noufil.com\/ca\/wp-json\/wp\/v2\/producte\/12330","targetHints":{"allow":["GET"]}}],"collection":[{"href":"https:\/\/noufil.com\/ca\/wp-json\/wp\/v2\/producte"}],"about":[{"href":"https:\/\/noufil.com\/ca\/wp-json\/wp\/v2\/types\/producte"}],"version-history":[{"count":1,"href":"https:\/\/noufil.com\/ca\/wp-json\/wp\/v2\/producte\/12330\/revisions"}],"predecessor-version":[{"id":12334,"href":"https:\/\/noufil.com\/ca\/wp-json\/wp\/v2\/producte\/12330\/revisions\/12334"}],"wp:featuredmedia":[{"embeddable":true,"href":"https:\/\/noufil.com\/ca\/wp-json\/wp\/v2\/media\/11671"}],"wp:attachment":[{"href":"https:\/\/noufil.com\/ca\/wp-json\/wp\/v2\/media?parent=12330"}],"wp:term":[{"taxonomy":"post_tag","embeddable":true,"href":"https:\/\/noufil.com\/ca\/wp-json\/wp\/v2\/tags?post=12330"},{"taxonomy":"catprod","embeddable":true,"href":"https:\/\/noufil.com\/ca\/wp-json\/wp\/v2\/catprod?post=12330"}],"curies":[{"name":"wp","href":"https:\/\/api.w.org\/{rel}","templated":true}]}}

&#8220;Cubrecanapé&#8221; volant taulat

<p>Opció de confeccionar amb greca i folre a la part superior del canapè o amb velcro perimetral al canapè. </p>



<p>Imatge tècnica, no decorativa.</p>
