{"id":5533,"date":"2021-09-14T19:48:05","date_gmt":"2021-09-14T17:48:05","guid":{"rendered":"https:\/\/noufil.com\/muestrurio\/"},"modified":"2022-01-31T11:54:50","modified_gmt":"2022-01-31T09:54:50","slug":"mostrari","status":"publish","type":"page","link":"https:\/\/noufil.com\/ca\/mostrari\/","title":{"rendered":"Mostrari"},"content":{"rendered":"\n<div class=\"wp-block-noufil-blocs-seccio mod_noufil mod_destacat sense_text\"><div class=\"maq_contenidor\"><div class=\"maq_columns cols_3\"><div class=\"maq_col doble foto_wrapper\"><div class=\"foto foto_layer\" style=\"background-image:url(https:\/\/noufil.com\/wp-content\/uploads\/2021\/12\/Showroom-JBA-8049.jpg)\"><\/div><\/div><div class=\"maq_col text\"><div class=\"wrap_centrat\"><div class=\"wrap_titular\"><h1 class=\"com_titular_1 \">MOSTRARI<\/h1><\/div><\/div><\/div><\/div><\/div><\/div>\n\n\n\n<h2 class=\"wp-block-heading\">Teixits propis, t\u00e8cnics, creatius, ign\u00edfugs&#8230;<\/h2>\n\n\n\n<p>A NOUFIL\u00ae confeccionem tant amb teixits propietat del client com amb teixits de la nostra pr\u00f2pia col\u00b7lecci\u00f3. Addicionalment, a les nostres instal\u00b7lacions disposem d\u2019un Showroom per a tots aquells clients que necessitin teixits addicionals de diversos fabricants, tant nacionals com internacionals, o b\u00e9 de teixits t\u00e8cnics \u2014ign\u00edfugs, ac\u00fastics, anti\u00e0cars, antibacterians&#8230;, tots amb els seus corresponents certificats.<\/p>\n\n\n\n<div class=\"wp-block-noufil-blocs-seccio mod_noufil mod_destacat sense_text\"><div class=\"maq_contenidor\"><div class=\"maq_columns cols_3\"><div class=\"maq_col doble foto_wrapper\"><div class=\"foto foto_layer\" style=\"background-image:url(https:\/\/noufil.com\/wp-content\/uploads\/2021\/09\/mostruari-01.jpg)\"><\/div><\/div><div class=\"maq_col text\"><div class=\"wrap_centrat\"><div class=\"wrap_titular\"><h1 class=\"com_titular_1 \"><\/h1><\/div><\/div><\/div><\/div><\/div><\/div>\n\n\n\n<p><br><br><\/p>\n\n\n\n<div class=\"wp-block-noufil-blocs-trepitja mod_noufil mod_trepitja\"><h2 class=\"tamany_2\"><\/h2><\/div>\n","protected":false},"excerpt":{"rendered":"<p>Teixits propis, t\u00e8cnics, creatius, ign\u00edfugs&#8230; A NOUFIL\u00ae confeccionem tant amb teixits propietat del client com amb teixits de la nostra pr\u00f2pia col\u00b7lecci\u00f3. Addicionalment, a les nostres instal\u00b7lacions disposem d\u2019un Showroom&#8230;<\/p>\n","protected":false},"author":1,"featured_media":0,"parent":0,"menu_order":0,"comment_status":"closed","ping_status":"closed","template":"pag_serveis.php","meta":{"footnotes":""},"class_list":["post-5533","page","type-page","status-publish","hentry"],"_links":{"self":[{"href":"https:\/\/noufil.com\/ca\/wp-json\/wp\/v2\/pages\/5533","targetHints":{"allow":["GET"]}}],"collection":[{"href":"https:\/\/noufil.com\/ca\/wp-json\/wp\/v2\/pages"}],"about":[{"href":"https:\/\/noufil.com\/ca\/wp-json\/wp\/v2\/types\/page"}],"author":[{"embeddable":true,"href":"https:\/\/noufil.com\/ca\/wp-json\/wp\/v2\/users\/1"}],"replies":[{"embeddable":true,"href":"https:\/\/noufil.com\/ca\/wp-json\/wp\/v2\/comments?post=5533"}],"version-history":[{"count":1,"href":"https:\/\/noufil.com\/ca\/wp-json\/wp\/v2\/pages\/5533\/revisions"}],"predecessor-version":[{"id":9283,"href":"https:\/\/noufil.com\/ca\/wp-json\/wp\/v2\/pages\/5533\/revisions\/9283"}],"wp:attachment":[{"href":"https:\/\/noufil.com\/ca\/wp-json\/wp\/v2\/media?parent=5533"}],"curies":[{"name":"wp","href":"https:\/\/api.w.org\/{rel}","templated":true}]}}

<div class="wp-block-noufil-blocs-seccio mod_noufil mod_destacat sense_text"><div class="maq_contenidor"><div class="maq_columns cols_3"><div class="maq_col doble foto_wrapper"><div class="foto foto_layer" style="background-image:url(https://noufil.com/wp-content/uploads/2021/12/Showroom-JBA-8049.jpg)"></div></div><div class="maq_col text"><div class="wrap_centrat"><div class="wrap_titular"><h1 class="com_titular_1 ">MOSTRARI</h1></div></div></div></div></div></div>



<h2 class="wp-block-heading">Teixits propis, tècnics, creatius, ignífugs&#8230;</h2>



<p>A NOUFIL® confeccionem tant amb teixits propietat del client com amb teixits de la nostra pròpia col·lecció. Addicionalment, a les nostres instal·lacions disposem d’un Showroom per a tots aquells clients que necessitin teixits addicionals de diversos fabricants, tant nacionals com internacionals, o bé de teixits tècnics —ignífugs, acústics, antiàcars, antibacterians&#8230;, tots amb els seus corresponents certificats.</p>



<div class="wp-block-noufil-blocs-seccio mod_noufil mod_destacat sense_text"><div class="maq_contenidor"><div class="maq_columns cols_3"><div class="maq_col doble foto_wrapper"><div class="foto foto_layer" style="background-image:url(https://noufil.com/wp-content/uploads/2021/09/mostruari-01.jpg)"></div></div><div class="maq_col text"><div class="wrap_centrat"><div class="wrap_titular"><h1 class="com_titular_1 "></h1></div></div></div></div></div></div>



<p><br><br></p>



<div class="wp-block-noufil-blocs-trepitja mod_noufil mod_trepitja"><h2 class="tamany_2"></h2></div>

<p>Teixits propis, tècnics, creatius, ignífugs&#8230; A NOUFIL® confeccionem tant amb teixits propietat del client com amb teixits de la nostra pròpia col·lecció. Addicionalment, a les nostres instal·lacions disposem d’un Showroom&#8230;</p>
