{"id":5531,"date":"2021-09-14T19:48:21","date_gmt":"2021-09-14T17:48:21","guid":{"rendered":"https:\/\/noufil.com\/medimos-e-instalamos\/"},"modified":"2022-02-07T14:33:49","modified_gmt":"2022-02-07T12:33:49","slug":"mesurem-i-installem","status":"publish","type":"page","link":"https:\/\/noufil.com\/ca\/mesurem-i-installem\/","title":{"rendered":"Mesurem i instal\u00b7lem"},"content":{"rendered":"\n<div class=\"wp-block-noufil-blocs-seccio mod_noufil mod_destacat sense_text\"><div class=\"maq_contenidor\"><div class=\"maq_columns cols_3\"><div class=\"maq_col doble foto_wrapper\"><div class=\"foto foto_layer\" style=\"background-image:url(https:\/\/noufil.com\/wp-content\/uploads\/2021\/09\/medim-01.jpg)\"><\/div><\/div><div class=\"maq_col text\"><div class=\"wrap_centrat\"><div class=\"wrap_titular\"><h1 class=\"com_titular_1 \">MESUREM<\/h1><\/div><\/div><\/div><\/div><\/div><\/div>\n\n\n\n<h2 class=\"wp-block-heading\">Els petits detalls<br>fan grans difer\u00e8ncies.<\/h2>\n\n\n\n<p>Estem preparats per oferir un servei integral i, a m\u00e9s de confeccionar i assessorar, tamb\u00e9 mesurem i instal\u00b7lem.<\/p>\n\n\n\n<p>NOUFIL\u00ae disposa d\u2019un equip professional preparat per acomplir aquestes labors, dotat de la formaci\u00f3 adequada i els requisits legals vigents, que els permeten operar en qualsevol tasca de construcci\u00f3.<\/p>\n\n\n\n<div class=\"wp-block-noufil-blocs-seccio mod_noufil mod_destacat sense_text\"><div class=\"maq_contenidor\"><div class=\"maq_columns cols_3\"><div class=\"maq_col doble foto_wrapper\"><div class=\"foto foto_layer\" style=\"background-image:url(https:\/\/noufil.com\/wp-content\/uploads\/2021\/12\/instalem-JBA-8037-scaled.jpg)\"><\/div><\/div><div class=\"maq_col text\"><div class=\"wrap_centrat\"><div class=\"wrap_titular\"><h1 class=\"com_titular_1 \">INSTAL\u00b7LEM<\/h1><\/div><\/div><\/div><\/div><\/div><\/div>\n\n\n\n<p><br><br>Aix\u00f2 ens permet poder instal\u00b7lar tant en una llar com en un gran edifici p\u00fablic o privat \u2014oficines, escoles, teatres, hospitals, hotels, etc.\u2014 i cobrir totes les necessitats dels nostres clients.<br><br><\/p>\n\n\n\n<div class=\"wp-block-noufil-blocs-trepitja mod_noufil mod_trepitja\"><h2 class=\"tamany_2\"><\/h2><\/div>\n","protected":false},"excerpt":{"rendered":"<p>Els petits detallsfan grans difer\u00e8ncies. Estem preparats per oferir un servei integral i, a m\u00e9s de confeccionar i assessorar, tamb\u00e9 mesurem i instal\u00b7lem. NOUFIL\u00ae disposa d\u2019un equip professional preparat per&#8230;<\/p>\n","protected":false},"author":1,"featured_media":0,"parent":0,"menu_order":0,"comment_status":"closed","ping_status":"closed","template":"pag_serveis.php","meta":{"footnotes":""},"class_list":["post-5531","page","type-page","status-publish","hentry"],"_links":{"self":[{"href":"https:\/\/noufil.com\/ca\/wp-json\/wp\/v2\/pages\/5531","targetHints":{"allow":["GET"]}}],"collection":[{"href":"https:\/\/noufil.com\/ca\/wp-json\/wp\/v2\/pages"}],"about":[{"href":"https:\/\/noufil.com\/ca\/wp-json\/wp\/v2\/types\/page"}],"author":[{"embeddable":true,"href":"https:\/\/noufil.com\/ca\/wp-json\/wp\/v2\/users\/1"}],"replies":[{"embeddable":true,"href":"https:\/\/noufil.com\/ca\/wp-json\/wp\/v2\/comments?post=5531"}],"version-history":[{"count":5,"href":"https:\/\/noufil.com\/ca\/wp-json\/wp\/v2\/pages\/5531\/revisions"}],"predecessor-version":[{"id":9335,"href":"https:\/\/noufil.com\/ca\/wp-json\/wp\/v2\/pages\/5531\/revisions\/9335"}],"wp:attachment":[{"href":"https:\/\/noufil.com\/ca\/wp-json\/wp\/v2\/media?parent=5531"}],"curies":[{"name":"wp","href":"https:\/\/api.w.org\/{rel}","templated":true}]}}

<div class="wp-block-noufil-blocs-seccio mod_noufil mod_destacat sense_text"><div class="maq_contenidor"><div class="maq_columns cols_3"><div class="maq_col doble foto_wrapper"><div class="foto foto_layer" style="background-image:url(https://noufil.com/wp-content/uploads/2021/09/medim-01.jpg)"></div></div><div class="maq_col text"><div class="wrap_centrat"><div class="wrap_titular"><h1 class="com_titular_1 ">MESUREM</h1></div></div></div></div></div></div>



<h2 class="wp-block-heading">Els petits detalls<br>fan grans diferències.</h2>



<p>Estem preparats per oferir un servei integral i, a més de confeccionar i assessorar, també mesurem i instal·lem.</p>



<p>NOUFIL® disposa d’un equip professional preparat per acomplir aquestes labors, dotat de la formació adequada i els requisits legals vigents, que els permeten operar en qualsevol tasca de construcció.</p>



<div class="wp-block-noufil-blocs-seccio mod_noufil mod_destacat sense_text"><div class="maq_contenidor"><div class="maq_columns cols_3"><div class="maq_col doble foto_wrapper"><div class="foto foto_layer" style="background-image:url(https://noufil.com/wp-content/uploads/2021/12/instalem-JBA-8037-scaled.jpg)"></div></div><div class="maq_col text"><div class="wrap_centrat"><div class="wrap_titular"><h1 class="com_titular_1 ">INSTAL·LEM</h1></div></div></div></div></div></div>



<p><br><br>Això ens permet poder instal·lar tant en una llar com en un gran edifici públic o privat —oficines, escoles, teatres, hospitals, hotels, etc.— i cobrir totes les necessitats dels nostres clients.<br><br></p>



<div class="wp-block-noufil-blocs-trepitja mod_noufil mod_trepitja"><h2 class="tamany_2"></h2></div>

<p>Els petits detallsfan grans diferències. Estem preparats per oferir un servei integral i, a més de confeccionar i assessorar, també mesurem i instal·lem. NOUFIL® disposa d’un equip professional preparat per&#8230;</p>
